d**2 + 908*d - 32. Give i(6).
-20
Let p(r) = -46915*r - 46893. Give p(-1).
22
Let d(b) = -3*b**3 + 22*b**2 - 297*b + 1291. Give d(5).
-19
Let t(d) = -4*d**3 + 64*d**2 - 19*d + 229. Give t(16).
-75
Let r(n) = 116*n**2 + 28527*n - 30878. What is r(-247)?
-3
Let m(v) = 5*v**2 - 76*v - 5576. Give m(42).
52
Let i(x) = -3*x**3 - 14*x**2 - 2151*x + 2172. Give i(1).
4
Let c(f) = -f**3 - 159*f**2 - 349*f - 107982. Give c(-161).
49
Let c(m) = m**3 + 20*m**2 + 106*m + 1247. Give c(-18).
-13
Let g(o) = -46*o**3 + 115*o**2 - 2*o. Calculate g(-1).
163
Let r(b) = -22377*b + 358029. Calculate r(16).
-3
Let h(k) = 2*k**3 + 209*k**2 - 463*k - 58933. What is h(-104)?
35
Let m(j) = 2*j**3 - 279*j**2 + 880*j + 9773. What is m(136)?
-19
Let i(t) = -1694*t + 6464. Determine i(4).
-312
Let t(g) = 5*g**2 + 68*g - 457. Calculate t(-18).
-61
Let k(j) = -j**2 + 7*j + 1213. Give k(-32).
-35
Let c(j) = 2*j**3 - 108*j**2 + 1047*j + 1020. Determine c(14).
-2
Let a(q) = -q**2 - 3969*q - 817717. Calculate a(-218).
1
Let p(r) = -3456*r + 72567. Give p(21).
-9
Let r(z) = -206*z + 4034. What is r(19)?
120
Let q(a) = 356*a + 80179. Calculate q(-225).
79
Let a(k) = 3*k**2 + 915*k + 34528. Determine a(-261).
76
Let z(d) = -d**2 - 322*d - 18853. Calculate z(-77).
12
Let m(f) = f**3 - 271*f**2 + 17599*f + 815. Determine m(163).
0
Let b(h) = 24*h**2 + 145*h + 1291. Calculate b(-8).
1667
Let n(q) = -982*q + 10385. What is n(14)?
-3363
Let z(t) = 7*t**2 - 92*t - 532. What is z(-4)?
-52
Let x(c) = -1124*c + 154156. Determine x(137).
168
Let q(u) = -73*u + 6687. Determine q(89).
190
Let q(n) = -15515*n + 46506. Calculate q(3).
-39
Let i(s) = -s**3 - 2*s**2 + 34*s + 1083. Determine i(10).
223
Let d(i) = -165*i + 13031. What is d(71)?
1316
Let z(l) = 126*l**2 - 290*l - 17529. Give z(13).
-5
Let k(u) = u**3 + 176*u**2 + 7304*u - 146. Calculate k(-67).
-213
Let a(g) = 12*g**2 - 1223*g + 3463. Give a(99).
-2
Let y(h) = 4*h**3 - 206*h**2 + 352*h + 131. Determine y(2).
43
Let v(u) = -1785517*u + 3571028. Determine v(2).
-6
Let b(z) = 28*z**2 - 606*z - 91. Calculate b(22).
129
Let g(w) = -10*w**2 - 1017*w - 25478. Give g(-57).
1
Let s(q) = -q**2 - 1007*q + 359507. Determine s(279).
713
Let i(w) = -56836*w + 56828. What is i(1)?
-8
Let h(w) = -4*w**2 + 1456*w - 69015. Give h(56).
-23
Let v(b) = -19*b**3 + 7921*b**2 + 882*b - 20027. Determine v(417).
-11
Let z(r) = 539*r**2 + 39347*r - 7. Determine z(-73).
-7
Let s(r) = r**2 - 1275*r - 2546. What is s(-2)?
8
Let z(s) = 4*s**2 - 1121*s + 7658. What is z(7)?
7
Let k(r) = -r**2 + 1117*r + 495396. What is k(-340)?
16
Let x(h) = 250*h**3 + h**2 - 86*h - 168. Give x(-2).
-1992
Let l(i) = -i**3 - 124*i**2 + 1921*i - 1433. Calculate l(-138).
85
Let n(l) = 22*l**3 + 1493*l**2 - 105*l + 6734. Determine n(-68).
2
Let w(b) = -93*b**2 + 1192*b + 2378. Give w(-2).
-378
Let t(m) = -2*m**2 - 1304*m + 2780. What is t(-654)?
164
Let j(z) = 6689*z - 6208. Determine j(1).
481
Let l(h) = 27*h**2 - 415*h - 1267. Calculate l(-3).
221
Let o(d) = -67*d - 6063. Determine o(-101).
704
Let c(w) = 7*w**2 - 369*w + 2402. Give c(7).
162
Let l(a) = -a**3 + 27*a**2 + 86*a - 2798. Determine l(25).
602
Let m(j) = 47006*j + 282062. Calculate m(-6).
26
Let v(h) = 3*h**2 - 835*h + 232. Calculate v(278).
-46
Let r(s) = -4732*s**2 - 18931*s - 2. Give r(-4).
10
Let i(g) = -7*g**3 + 223*g**2 - 774*g + 1. Give i(4).
25
Let t(w) = 118590*w - 3439071. Determine t(29).
39
Let n(z) = -262*z - 14487. Give n(-54).
-339
Let q(w) = 1055*w - 4218. Give q(4).
2
Let o(a) = -a**3 - 5*a**2 - 14370*a - 86253. Calculate o(-6).
3
Let q(m) = -7*m**3 + 51*m**2 + 99*m - 542. Determine q(5).
353
Let l(u) = 3*u**3 - 984*u**2 - 2981*u + 435. What is l(331)?
-227
Let g(u) = -175*u**2 + 43*u - 6. Determine g(2).
-620
Let x(i) = 3410*i + 228472. Give x(-67).
2
Let r(c) = -1684*c - 766256. Give r(-455).
-36
Let s(p) = -p**3 + 211*p**2 + 2931*p - 4276. What is s(224)?
-20
Let z(m) = m**3 - 454*m**2 - 680*m - 105835. Calculate z(456).
-43
Let v(y) = -y**3 - 18*y**2 + 107*y + 1545. What is v(-19)?
-127
Let n(m) = -3*m**3 + 38*m**2 - 215*m - 39. Calculate n(6).
-609
Let v(h) = 3*h**3 + 10*h**2 - 147*h - 834. What is v(-11)?
-2000
Let j(c) = 4*c**3 + 31*c**2 - 86*c - 229. Give j(-9).
140
Let m(p) = 10*p**3 + 880*p**2 - 2734*p - 373. Determine m(-91).
-9
Let d(u) = -7*u**2 + 689*u - 16910. Calculate d(51).
22
Let r(m) = -159*m**3 + 41*m**2 + 44*m + 1. Give r(-1).
157
Let j(o) = -118*o - 20040. Calculate j(-172).
256
Let g(r) = r**3 + 31*r**2 - 162*r - 4000. Determine g(-32).
160
Let r(m) = -m**3 - 371*m**2 + 3429*m + 3420. Calculate r(-380).
0
Let c(f) = 53*f - 3339. Determine c(58).
-265
Let s(k) = -83*k + 13238. Give s(159).
41
Let y(i) = -11650*i + 46473. Give y(4).
-127
Let q(g) = g**3 + 195*g**2 + 379*g - 1040. What is q(-193)?
311
Let w(o) = -o**3 + 74*o**2 - 126*o - 3597. Determine w(71).
2580
Let s(t) = -t**2 + 691*t + 44092. What is s(-59)?
-158
Let m(u) = 3*u**3 + 75*u**2 + 31*u + 2105. Calculate m(-25).
1330
Let z(k) = -4*k**3 - 20*k**2 - 133*k - 39. Give z(-4).
429
Let t(j) = j**3 - 2*j**2 + 4*j + 1712. Calculate t(0).
1712
Let f(w) = -w**3 + 35*w**2 + 105*w - 7102. Calculate f(31).
-3
Let d(u) = -4618*u + 346355. Determine d(75).
5
Let s(h) = h**2 + 3715*h + 154331. Calculate s(-42).
65
Let n(j) = -363*j**2 + 1750*j - 2. What is n(5)?
-327
Let b(m) = -m**2 - 394*m - 27380. What is b(-88)?
-452
Let h(a) = -a**2 + 8365*a + 446131. Determine h(-53).
-23
Let v(h) = -h**3 - 257*h**2 - 3431*h - 378. What is v(-14)?
28
Let j(i) = -i**3 + 531*i**2 - 21409*i - 67. What is j(44)?
769
Let g(y) = -5808*y + 27551. Calculate g(5).
-1489
Let q(y) = 124100*y + 248192. Give q(-2).
-8
Let a(i) = 5*i**2 - 2386*i - 2381. Calculate a(-1).
10
Let k(i) = -i**2 + 1291*i - 221891. Determine k(204).
-143
Let y(w) = 8*w**2 - 10*w - 83. Give y(-10).
817
Let b(p) = 19*p**2 + 6183*p + 2591. What is b(-325)?
-9
Let c(o) = -51*o**3 + 347*o**2 + 28*o + 300. Calculate c(7).
6
Let k(a) = 3*a**2 + 203*a - 3278. Determine k(16).
738
Let b(t) = -t**2 + 297*t - 18142. What is b(212)?
-122
Let o(i) = -2*i**2 + 5737*i - 1477190. Calculate o(286).
0
Let t(w) = -w**2 - 2*w + 5768. What is t(-72)?
728
Let k(m) = -25*m**2 - 1126*m + 66. Give k(-45).
111
Let h(i) = -2*i**3 + 485*i**2 - 7837*i - 8534. Calculate h(225).
16
Let w(t) = 14*t**3 + 1348*t**2 + 385*t - 23. What is w(-96)?
-119
Let b(t) = -t**2 - 143*t - 2275. Calculate b(-125).
-25
Let u(l) = -2171*l**2 + 30394*l + 5. Give u(14).
5
Let m(x) = -5*x**2 - 13*x + 527. What is m(-12)?
-37
Let y(w) = -3319*w - 453762. Determine y(-137).
941
Let q(v) = 3*v**2 + 78*v + 763. Calculate q(-17).
304
Let n(s) = 13980*s**2 - 6794277*s - 1462. Give n(486).
-4
Let b(y) = -2*y**3 - 27*y**2 + 185*y + 12. Give b(-18).
-402
Let d(s) = 2*s**3 + 4*s**2 - 212*s + 22. Determine d(10).
302
Let u(c) = -18*c**2 + 1791*c - 26951. Determine u(81).
22
Let c(q) = -10*q**3 - 190*q**2 + 71*q - 24. Determine c(-19).
-1373
Let k(s) = -s**3 - 14*s**2 + 182*s + 642. What is k(-3)?
-3
Let y(w) = 671*w - 21929. Calculate y(38).
3569
Let d(b) = b**2 - 274*b - 14239. Determine d(-42).
-967
Let j(y) = 5*y**3 + 485*y**2 - 449*y - 36. Determine j(1).
5
Let r(i) = 7*i**2 + 702*i - 4244. Give r(-106).
-4
Let r(q) = q**2 - 4315*q - 382990. What is r(-87)?
-16
Let z(m) = 7*m**2 - 656*m + 7190. What is z(81)?
-19
Let o(c) = 5025*c - 58682. Calculate o(12).
1618
Let p(y) = -y**2 - 93*y + 2525. Give p(-115).
-5
Let m(c) = c**3 - 38*c**2 + 414*c - 1119. What is m(12)?
105
Let r(i) = -20*i**3 + 1900*i**2 - 74*i + 7038. Calculate r(95).
8
Let i(o) = o**3 + 22*o**2 + 16*o - 396. Calculate i(-20).
84
Let w(z) = -52040*z - 260212. Determine w(-5).
-12
Let k(f) = -7*f**2 + 7313*f + 523759. Determine k(1112).
7
Let j(h) = -32*h + 1642. Determine j(67).
-502
Let g(n) = 62*n**2 + 1426*n - 141. Give g(-22).
-1505
Let f(w) = -w**3 + 16*w**2 - 128*w + 534. Determine f(8).
22
Let k(y) = 1014725*y - 18265048. Calculate k(18).
2
Let z(u) = -u**3 - 225*u**2 + 680*u - 923. Calculate z(-228).
-11
Let n(x) = -x**2 - 6916*x + 41534. Calculate n(6).
2
Let t(y) = -293*y - 878. Give t(-3).
1
Let v(a) = -83*a**2 - 4957*a + 108. What is v(-60)?
-1272
Let q(h) = 2*h**2 + 122*h - 266. Determine q(-63).
-14
Let u(q) = -13*q**2 - 264*q + 67. Give u(-21).
-122
Let c(t) = 